{"id":1080,"date":"2024-07-05T01:49:13","date_gmt":"2024-07-05T04:49:13","guid":{"rendered":"http:\/\/nep.local\/?page_id=1080"},"modified":"2024-10-21T15:40:19","modified_gmt":"2024-10-21T18:40:19","slug":"nep-praia-de-itaparica-series-de-ensino","status":"publish","type":"page","link":"https:\/\/fluenciadigital.com\/escolanep\/nep-praia-de-itaparica-series-de-ensino\/","title":{"rendered":"NEP Praia de Itaparica &#8211; S\u00e9ries de Ensino"},"content":{"rendered":"\t\t<div data-elementor-type=\"wp-page\" data-elementor-id=\"1080\" class=\"elementor elementor-1080\" data-elementor-settings=\"{&quot;ha_cmc_init_switcher&quot;:&quot;no&quot;}\">\n\t\t\t\t<div class=\"elementor-element elementor-element-d93b5dc e-con-full e-flex e-con e-parent\" data-id=\"d93b5dc\" data-element_type=\"container\" data-settings=\"{&quot;background_background&quot;:&quot;classic&quot;,&quot;_ha_eqh_enable&quot;:false}\">\n\t\t<div class=\"elementor-element elementor-element-445e7d9 e-con-full e-flex e-con e-child\" data-id=\"445e7d9\" data-element_type=\"container\" data-settings=\"{&quot;_ha_eqh_enable&quot;:false}\">\n\t\t\t\t<div class=\"elementor-element elementor-element-e2e1baf elementor-widget elementor-widget-heading\" data-id=\"e2e1baf\" data-element_type=\"widget\" data-widget_type=\"heading.default\">\n\t\t\t\t<div class=\"elementor-widget-container\">\n\t\t\t\t\t<h1 class=\"elementor-heading-title elementor-size-default\">S\u00e9ries de Ensino<\/h1>\t\t\t\t<\/div>\n\t\t\t\t<\/div>\n\t\t\t\t<\/div>\n\t\t\t\t<\/div>\n\t\t<div class=\"elementor-element elementor-element-fadd2d9 e-flex e-con-boxed e-con e-parent\" data-id=\"fadd2d9\" data-element_type=\"container\" id=\"edinfantil\" data-settings=\"{&quot;_ha_eqh_enable&quot;:false}\">\n\t\t\t\t\t<div class=\"e-con-inner\">\n\t\t<div class=\"elementor-element elementor-element-46598aa e-con-full e-flex e-con e-child\" data-id=\"46598aa\" data-element_type=\"container\" data-settings=\"{&quot;_ha_eqh_enable&quot;:false}\">\n\t\t\t\t<div class=\"elementor-element elementor-element-fadd128 elementor-widget elementor-widget-heading\" data-id=\"fadd128\" data-element_type=\"widget\" data-widget_type=\"heading.default\">\n\t\t\t\t<div class=\"elementor-widget-container\">\n\t\t\t\t\t<h2 class=\"elementor-heading-title elementor-size-default\">Educa\u00e7\u00e3o Infantil<\/h2>\t\t\t\t<\/div>\n\t\t\t\t<\/div>\n\t\t\t\t<div class=\"elementor-element elementor-element-da3e62c elementor-widget elementor-widget-text-editor\" data-id=\"da3e62c\" data-element_type=\"widget\" data-widget_type=\"text-editor.default\">\n\t\t\t\t<div class=\"elementor-widget-container\">\n\t\t\t\t\t\t\t\t\t<p class=\"CDt4Ke zfr3Q\" dir=\"ltr\">In\u00edcio da etapa para as\u00a0<strong>crian\u00e7as de 2 anos<\/strong>, neste momento as crian\u00e7as aprendem\u00a0<strong>conceitos b\u00e1sicos de linguagem, inclusive ingl\u00eas, de l\u00f3gica, de coordena\u00e7\u00e3o motora e de conviv\u00eancia harmoniosa e \u00e9tica entre as crian\u00e7as e colaboradores<\/strong>.<\/p><p class=\"CDt4Ke zfr3Q\" dir=\"ltr\">Os projetos s\u00e3o parte importante desta etapa. A escola reflete sempre no que est\u00e1 acontecendo no mundo e implanta\u00a0<strong>projetos que s\u00e3o relevantes para um cidad\u00e3o colaborador e humano<\/strong>.<\/p><p class=\"CDt4Ke zfr3Q\" dir=\"ltr\">O processo de avalia\u00e7\u00e3o \u00e9 um\u00a0<strong>portf\u00f3lio de verifica\u00e7\u00e3o de crescimento nas \u00e1reas cognitivas e emocionais<\/strong>, que serve como norte para as pr\u00e1ticas docentes.<\/p>\t\t\t\t\t\t\t\t<\/div>\n\t\t\t\t<\/div>\n\t\t\t\t<\/div>\n\t\t<div class=\"elementor-element elementor-element-69e8a29 e-con-full e-flex e-con e-child\" data-id=\"69e8a29\" data-element_type=\"container\" data-settings=\"{&quot;_ha_eqh_enable&quot;:false}\">\n\t\t\t\t<div class=\"elementor-element elementor-element-8190c06 elementor-widget elementor-widget-image\" data-id=\"8190c06\" data-element_type=\"widget\" data-widget_type=\"image.default\">\n\t\t\t\t<div class=\"elementor-widget-container\">\n\t\t\t\t\t\t\t\t\t\t\t\t\t\t\t<img fetchpriority=\"high\" decoding=\"async\" width=\"662\" height=\"1024\" src=\"https:\/\/fluenciadigital.com\/escolanep\/wp-content\/uploads\/2024\/10\/Screenshot-2024-10-17-at-4.24.55\u202fPM-662x1024.png\" class=\"attachment-large size-large wp-image-2205\" alt=\"\" srcset=\"https:\/\/fluenciadigital.com\/escolanep\/wp-content\/uploads\/2024\/10\/Screenshot-2024-10-17-at-4.24.55\u202fPM-662x1024.png 662w, https:\/\/fluenciadigital.com\/escolanep\/wp-content\/uploads\/2024\/10\/Screenshot-2024-10-17-at-4.24.55\u202fPM-194x300.png 194w, https:\/\/fluenciadigital.com\/escolanep\/wp-content\/uploads\/2024\/10\/Screenshot-2024-10-17-at-4.24.55\u202fPM-768x1189.png 768w, https:\/\/fluenciadigital.com\/escolanep\/wp-content\/uploads\/2024\/10\/Screenshot-2024-10-17-at-4.24.55\u202fPM.png 840w\" sizes=\"(max-width: 662px) 100vw, 662px\" \/>\t\t\t\t\t\t\t\t\t\t\t\t\t\t\t<\/div>\n\t\t\t\t<\/div>\n\t\t\t\t<\/div>\n\t\t\t\t\t<\/div>\n\t\t\t\t<\/div>\n\t\t<div class=\"elementor-element elementor-element-3e356a0 e-flex e-con-boxed e-con e-parent\" data-id=\"3e356a0\" data-element_type=\"container\" id=\"efI\" data-settings=\"{&quot;_ha_eqh_enable&quot;:false}\">\n\t\t\t\t\t<div class=\"e-con-inner\">\n\t\t<div class=\"elementor-element elementor-element-8337bb8 e-con-full e-flex e-con e-child\" data-id=\"8337bb8\" data-element_type=\"container\" data-settings=\"{&quot;_ha_eqh_enable&quot;:false}\">\n\t\t\t\t<div class=\"elementor-element elementor-element-799d238 elementor-widget elementor-widget-image\" data-id=\"799d238\" data-element_type=\"widget\" data-widget_type=\"image.default\">\n\t\t\t\t<div class=\"elementor-widget-container\">\n\t\t\t\t\t\t\t\t\t\t\t\t\t\t\t<img decoding=\"async\" width=\"683\" height=\"1024\" data-src=\"https:\/\/fluenciadigital.com\/escolanep\/wp-content\/uploads\/2024\/10\/nep2024-105-683x1024.png\" class=\"attachment-large size-large wp-image-2249 lazyload\" alt=\"\" data-srcset=\"https:\/\/fluenciadigital.com\/escolanep\/wp-content\/uploads\/2024\/10\/nep2024-105-683x1024.png 683w, https:\/\/fluenciadigital.com\/escolanep\/wp-content\/uploads\/2024\/10\/nep2024-105-200x300.png 200w, https:\/\/fluenciadigital.com\/escolanep\/wp-content\/uploads\/2024\/10\/nep2024-105-768x1152.png 768w, https:\/\/fluenciadigital.com\/escolanep\/wp-content\/uploads\/2024\/10\/nep2024-105-1024x1536.png 1024w, https:\/\/fluenciadigital.com\/escolanep\/wp-content\/uploads\/2024\/10\/nep2024-105-1365x2048.png 1365w\" data-sizes=\"(max-width: 683px) 100vw, 683px\" src=\"data:image\/gif;base64,R0lGODlhAQABAAAAACH5BAEKAAEALAAAAAABAAEAAAICTAEAOw==\" style=\"--smush-placeholder-width: 683px; --smush-placeholder-aspect-ratio: 683\/1024;\" \/>\t\t\t\t\t\t\t\t\t\t\t\t\t\t\t<\/div>\n\t\t\t\t<\/div>\n\t\t\t\t<\/div>\n\t\t<div class=\"elementor-element elementor-element-a5ce5cb e-con-full e-flex e-con e-child\" data-id=\"a5ce5cb\" data-element_type=\"container\" data-settings=\"{&quot;_ha_eqh_enable&quot;:false}\">\n\t\t\t\t<div class=\"elementor-element elementor-element-c73b423 elementor-widget elementor-widget-heading\" data-id=\"c73b423\" data-element_type=\"widget\" data-widget_type=\"heading.default\">\n\t\t\t\t<div class=\"elementor-widget-container\">\n\t\t\t\t\t<h2 class=\"elementor-heading-title elementor-size-default\">Ensino Fundamental I<\/h2>\t\t\t\t<\/div>\n\t\t\t\t<\/div>\n\t\t\t\t<div class=\"elementor-element elementor-element-b7251da elementor-widget elementor-widget-text-editor\" data-id=\"b7251da\" data-element_type=\"widget\" data-widget_type=\"text-editor.default\">\n\t\t\t\t<div class=\"elementor-widget-container\">\n\t\t\t\t\t\t\t\t\t<p class=\"CDt4Ke zfr3Q\" dir=\"ltr\">Nesta etapa a proposta \u00e9\u00a0<strong>continuar formando este sujeito sens\u00edvel e \u00e9tico<\/strong>.<strong>\u00a0Aulas de educa\u00e7\u00e3o socioemocional, artes, m\u00fasica e teatro<\/strong>\u00a0ajudam alcan\u00e7ar estes objetivos.<\/p><p class=\"CDt4Ke zfr3Q\" dir=\"ltr\">A partir do 2\u00ba ano s\u00e3o trabalhados os<strong>\u00a0Planos de Estudo (PE)<\/strong>, que \u00e9 um documento onde abordamos\u00a0<strong>autoavalia\u00e7\u00e3o, estudo do meio (sa\u00eddas da escola) e discuss\u00f5es com os alunos sobre as quest\u00f5es problemas<\/strong>.<\/p><p class=\"CDt4Ke zfr3Q\" dir=\"ltr\">A avalia\u00e7\u00e3o, al\u00e9m das\u00a0<strong>provas operat\u00f3rias<\/strong>\u00a0se d\u00e1 atrav\u00e9s de outros itens observados na rotina do aluno.<\/p>\t\t\t\t\t\t\t\t<\/div>\n\t\t\t\t<\/div>\n\t\t\t\t<\/div>\n\t\t\t\t\t<\/div>\n\t\t\t\t<\/div>\n\t\t<div class=\"elementor-element elementor-element-3c05659 e-flex e-con-boxed e-con e-parent\" data-id=\"3c05659\" data-element_type=\"container\" id=\"efII\" data-settings=\"{&quot;_ha_eqh_enable&quot;:false}\">\n\t\t\t\t\t<div class=\"e-con-inner\">\n\t\t<div class=\"elementor-element elementor-element-cfdff4a e-con-full e-flex e-con e-child\" data-id=\"cfdff4a\" data-element_type=\"container\" data-settings=\"{&quot;_ha_eqh_enable&quot;:false}\">\n\t\t\t\t<div class=\"elementor-element elementor-element-aa254ab elementor-widget elementor-widget-heading\" data-id=\"aa254ab\" data-element_type=\"widget\" data-widget_type=\"heading.default\">\n\t\t\t\t<div class=\"elementor-widget-container\">\n\t\t\t\t\t<h2 class=\"elementor-heading-title elementor-size-default\">Ensino Fundamental II<\/h2>\t\t\t\t<\/div>\n\t\t\t\t<\/div>\n\t\t\t\t<div class=\"elementor-element elementor-element-0182a0c elementor-widget elementor-widget-text-editor\" data-id=\"0182a0c\" data-element_type=\"widget\" data-widget_type=\"text-editor.default\">\n\t\t\t\t<div class=\"elementor-widget-container\">\n\t\t\t\t\t\t\t\t\t<p class=\"CDt4Ke zfr3Q\" dir=\"ltr\">No Ensino Fundamental II, a c<strong>ogni\u00e7\u00e3o \u00e9 ampliada com provas operat\u00f3rias, onde o aluno avalia contextos para resolver quest\u00f5es propostas<\/strong>.<\/p><p class=\"CDt4Ke zfr3Q\" dir=\"ltr\">Durante toda esta etapa, s\u00e3o trabalhados os\u00a0<strong>Planos de Estudo (PE)<\/strong>, que \u00e9 um documento onde abordamos\u00a0<strong>auto avalia\u00e7\u00e3o, conte\u00fados extracurriculares e posicionamento do aluno sobre quest\u00f5es problemas<\/strong>.<\/p><p class=\"CDt4Ke zfr3Q\" dir=\"ltr\">O processo inclui uma avalia\u00e7\u00e3o onde s\u00e3o privilegiadas, al\u00e9m dos conte\u00fados, a\u00a0<strong>estrutura\u00e7\u00e3o do ser como um todo<\/strong>.<\/p>\t\t\t\t\t\t\t\t<\/div>\n\t\t\t\t<\/div>\n\t\t\t\t<\/div>\n\t\t<div class=\"elementor-element elementor-element-4e1e4fc e-con-full e-flex e-con e-child\" data-id=\"4e1e4fc\" data-element_type=\"container\" data-settings=\"{&quot;_ha_eqh_enable&quot;:false}\">\n\t\t\t\t<div class=\"elementor-element elementor-element-27adead elementor-widget elementor-widget-image\" data-id=\"27adead\" data-element_type=\"widget\" data-widget_type=\"image.default\">\n\t\t\t\t<div class=\"elementor-widget-container\">\n\t\t\t\t\t\t\t\t\t\t\t\t\t\t\t<img decoding=\"async\" width=\"683\" height=\"1024\" data-src=\"https:\/\/fluenciadigital.com\/escolanep\/wp-content\/uploads\/2024\/10\/NEPun-79-683x1024.jpg\" class=\"attachment-large size-large wp-image-2209 lazyload\" alt=\"\" data-srcset=\"https:\/\/fluenciadigital.com\/escolanep\/wp-content\/uploads\/2024\/10\/NEPun-79-683x1024.jpg 683w, https:\/\/fluenciadigital.com\/escolanep\/wp-content\/uploads\/2024\/10\/NEPun-79-200x300.jpg 200w, https:\/\/fluenciadigital.com\/escolanep\/wp-content\/uploads\/2024\/10\/NEPun-79-768x1152.jpg 768w, https:\/\/fluenciadigital.com\/escolanep\/wp-content\/uploads\/2024\/10\/NEPun-79.jpg 1000w\" data-sizes=\"(max-width: 683px) 100vw, 683px\" src=\"data:image\/gif;base64,R0lGODlhAQABAAAAACH5BAEKAAEALAAAAAABAAEAAAICTAEAOw==\" style=\"--smush-placeholder-width: 683px; --smush-placeholder-aspect-ratio: 683\/1024;\" \/>\t\t\t\t\t\t\t\t\t\t\t\t\t\t\t<\/div>\n\t\t\t\t<\/div>\n\t\t\t\t<\/div>\n\t\t\t\t\t<\/div>\n\t\t\t\t<\/div>\n\t\t<div class=\"elementor-element elementor-element-646786a e-flex e-con-boxed e-con e-parent\" data-id=\"646786a\" data-element_type=\"container\" id=\"em\" data-settings=\"{&quot;_ha_eqh_enable&quot;:false}\">\n\t\t\t\t\t<div class=\"e-con-inner\">\n\t\t<div class=\"elementor-element elementor-element-9918fdf e-con-full e-flex e-con e-child\" data-id=\"9918fdf\" data-element_type=\"container\" data-settings=\"{&quot;_ha_eqh_enable&quot;:false}\">\n\t\t\t\t<div class=\"elementor-element elementor-element-3b0fa38 elementor-widget elementor-widget-image\" data-id=\"3b0fa38\" data-element_type=\"widget\" data-widget_type=\"image.default\">\n\t\t\t\t<div class=\"elementor-widget-container\">\n\t\t\t\t\t\t\t\t\t\t\t\t\t\t\t<img decoding=\"async\" width=\"683\" height=\"1024\" data-src=\"https:\/\/fluenciadigital.com\/escolanep\/wp-content\/uploads\/2024\/10\/NEPun-106-683x1024.jpg\" class=\"attachment-large size-large wp-image-2250 lazyload\" alt=\"\" data-srcset=\"https:\/\/fluenciadigital.com\/escolanep\/wp-content\/uploads\/2024\/10\/NEPun-106-683x1024.jpg 683w, https:\/\/fluenciadigital.com\/escolanep\/wp-content\/uploads\/2024\/10\/NEPun-106-200x300.jpg 200w, https:\/\/fluenciadigital.com\/escolanep\/wp-content\/uploads\/2024\/10\/NEPun-106-768x1152.jpg 768w, https:\/\/fluenciadigital.com\/escolanep\/wp-content\/uploads\/2024\/10\/NEPun-106.jpg 1000w\" data-sizes=\"(max-width: 683px) 100vw, 683px\" src=\"data:image\/gif;base64,R0lGODlhAQABAAAAACH5BAEKAAEALAAAAAABAAEAAAICTAEAOw==\" style=\"--smush-placeholder-width: 683px; --smush-placeholder-aspect-ratio: 683\/1024;\" \/>\t\t\t\t\t\t\t\t\t\t\t\t\t\t\t<\/div>\n\t\t\t\t<\/div>\n\t\t\t\t<\/div>\n\t\t<div class=\"elementor-element elementor-element-8f70fc5 e-con-full e-flex e-con e-child\" data-id=\"8f70fc5\" data-element_type=\"container\" data-settings=\"{&quot;_ha_eqh_enable&quot;:false}\">\n\t\t\t\t<div class=\"elementor-element elementor-element-689a3db elementor-widget elementor-widget-heading\" data-id=\"689a3db\" data-element_type=\"widget\" data-widget_type=\"heading.default\">\n\t\t\t\t<div class=\"elementor-widget-container\">\n\t\t\t\t\t<h2 class=\"elementor-heading-title elementor-size-default\">Ensino M\u00e9dio<\/h2>\t\t\t\t<\/div>\n\t\t\t\t<\/div>\n\t\t\t\t<div class=\"elementor-element elementor-element-1c14fdf elementor-widget elementor-widget-text-editor\" data-id=\"1c14fdf\" data-element_type=\"widget\" data-widget_type=\"text-editor.default\">\n\t\t\t\t<div class=\"elementor-widget-container\">\n\t\t\t\t\t\t\t\t\t<p class=\"CDt4Ke zfr3Q\" dir=\"ltr\">Concluindo a Educa\u00e7\u00e3o B\u00e1sica, o aluno\u00a0<strong>muda o foco para uma cogni\u00e7\u00e3o mais ampliada<\/strong>. Trabalhamos\u00a0<strong>provas operat\u00f3rias, simulados e pr\u00e1ticas\u00a0<\/strong>que efetivem o conhecimento.<\/p><p class=\"CDt4Ke zfr3Q\" dir=\"ltr\">O aluno \u00e9 colocado em contato com a sua<strong>\u00a0voca\u00e7\u00e3o profissional<\/strong>. Mesmo assim,<strong>\u00a0a carater\u00edstica humana da Escola \u00e9 exercida<\/strong>\u00a0quando o aluno \u00e9 chamado a participar de eventos em que ele \u00e9 sujeito do mesmo.<\/p><p class=\"CDt4Ke zfr3Q\" dir=\"ltr\">Nosso objetivo maior nesta etapa \u00e9 que nosso aluno saia da Escola com\u00a0<strong>capacidade plena de disputar um lugar na sociedade, construindo sua cidadania<\/strong>.<\/p>\t\t\t\t\t\t\t\t<\/div>\n\t\t\t\t<\/div>\n\t\t\t\t<\/div>\n\t\t\t\t\t<\/div>\n\t\t\t\t<\/div>\n\t\t\t\t<\/div>\n\t\t","protected":false},"excerpt":{"rendered":"<p>S\u00e9ries de Ensino Educa\u00e7\u00e3o Infantil In\u00edcio da etapa para as\u00a0crian\u00e7as de 2 anos, neste momento as crian\u00e7as aprendem\u00a0conceitos b\u00e1sicos de linguagem, inclusive ingl\u00eas, de l\u00f3gica, de coordena\u00e7\u00e3o motora e de conviv\u00eancia harmoniosa e \u00e9tica entre as crian\u00e7as e colaboradores. Os projetos s\u00e3o parte importante desta etapa. A escola reflete sempre no que est\u00e1 acontecendo no [&hellip;]<\/p>\n","protected":false},"author":1,"featured_media":0,"parent":0,"menu_order":0,"comment_status":"closed","ping_status":"closed","template":"elementor_theme","meta":{"_acf_changed":false,"footnotes":""},"class_list":["post-1080","page","type-page","status-publish","hentry"],"acf":[],"_links":{"self":[{"href":"https:\/\/fluenciadigital.com\/escolanep\/wp-json\/wp\/v2\/pages\/1080","targetHints":{"allow":["GET"]}}],"collection":[{"href":"https:\/\/fluenciadigital.com\/escolanep\/wp-json\/wp\/v2\/pages"}],"about":[{"href":"https:\/\/fluenciadigital.com\/escolanep\/wp-json\/wp\/v2\/types\/page"}],"author":[{"embeddable":true,"href":"https:\/\/fluenciadigital.com\/escolanep\/wp-json\/wp\/v2\/users\/1"}],"replies":[{"embeddable":true,"href":"https:\/\/fluenciadigital.com\/escolanep\/wp-json\/wp\/v2\/comments?post=1080"}],"version-history":[{"count":40,"href":"https:\/\/fluenciadigital.com\/escolanep\/wp-json\/wp\/v2\/pages\/1080\/revisions"}],"predecessor-version":[{"id":2253,"href":"https:\/\/fluenciadigital.com\/escolanep\/wp-json\/wp\/v2\/pages\/1080\/revisions\/2253"}],"wp:attachment":[{"href":"https:\/\/fluenciadigital.com\/escolanep\/wp-json\/wp\/v2\/media?parent=1080"}],"curies":[{"name":"wp","href":"https:\/\/api.w.org\/{rel}","templated":true}]}}